3 - -25. List the prime factors of p.
2, 7
Let w be ((-5)/4)/((-1)/4). Let n = 6 - 6. Suppose 0*p + p - w = n. List the prime factors of p.
5
Let y(u) = u**3 + 7*u + 3. What are the prime factors of y(4)?
5, 19
Let l = -26 - -42. List the prime factors of l.
2
Suppose 5*i - 8 + 28 = 0. Let c(j) be the first derivative of -j**2 + 3*j + 3. List the prime factors of c(i).
11
Let l = 1 - 1. Suppose 0*z - 3*y = z - 19, -2*y = -5*z + 27. Suppose -95 = -5*t - 0*b - 5*b, -t + 2*b + z = l. List the prime factors of t.
3, 5
Suppose 3*x = 7*x - 84. List the prime factors of x.
3, 7
Suppose -4*z - 5*b + 180 = -6*b, 0 = -5*z + 2*b + 225. What are the prime factors of z?
3, 5
Let h = 133 + -11. What are the prime factors of h?
2, 61
Suppose y = -0 + 5. What are the prime factors of y?
5
Suppose 2*u + 7*h - 2*h + 37 = 0, 0 = 5*u + 2*h + 103. What are the prime factors of (u/(-5))/(3/15)?
3, 7
Let c(v) = 6*v**3 - 4*v**2 + 8*v - 15. What are the prime factors of c(3)?
3, 5
Suppose -3*o + 315 + 143 = 2*n, -2*n = -3*o - 434. What are the prime factors of n?
223
Let k = 74 - 29. Let t be (2/(-2) - -1) + 5. Suppose k = t*b - 2*b. What are the prime factors of b?
3, 5
Let k = -5 + 7. Let z(j) = j**2 + 3*j - 3. Let m be z(k). Let u = m - 2. List the prime factors of u.
5
Let i = 137 - -63. List the prime factors of i.
2, 5
List the prime factors of (-801)/(-27) - (-4)/(-6).
29
Let r(y) = -28*y**2 + 6*y + 3. Let x(z) = 9*z**2 - 2*z - 1. Let m(j) = -3*r(j) - 8*x(j). What are the prime factors of m(-1)?
13
Let b(r) = -3*r - 5. List the prime factors of b(-6).
13
What are the prime factors of ((-345)/9)/((-6)/(-9) + -1)?
5, 23
Let f(b) = -8*b + 11. Let j be f(6). Let i = 40 - 60. Let y = i - j. List the prime factors of y.
17
Let p(k) = 2*k + 9. Let d(w) = -w - 9. Let t(u) = -3*d(u) - 2*p(u). What are the prime factors of t(7)?
2
Let k(n) = 2*n**2 - 3*n + 3. Let h = -1 + -2. Let q be k(h). Suppose 4*p - v = q, -2*p + 4*v = -p - 15. What are the prime factors of p?
7
List the prime factors of 46 + 0 + -1 - -3.
2, 3
Let g = 114 + -67. What are the prime factors of g?
47
Let h(i) = -4*i**2 + 13*i - 6. Let f(z) = -3*z**2 + 12*z - 5. Let v(j) = 5*f(j) - 4*h(j). Let u = 34 + -43. List the prime factors of v(u).
2
What are the prime factors of 351/65 - (-2)/(-5)?
5
Let y be (-3)/(2/4*-3). Suppose 0 = y*m - 11 - 17. What are the prime factors of m?
2, 7
Suppose -2*j = -5*q - 7*j + 120, -2*j + 108 = 5*q. Let f be (-2 + 9)*(-4 - -5). Suppose q = -2*t + f*t. List the prime factors of t.
2
Suppose -o + 20 = -2*a, 50 = 3*o - 4*a - 16. List the prime factors of o.
2, 13
Let f(p) = -p**3 - 11*p**2 + p + 13. Let w be f(-11). What are the prime factors of 7*(-4 + 3 + w)?
7
Let c(r) = r**2 + 4*r - 8. Let i(n) = -2*n**2 - 4*n. Let a be i(-3). Let y be c(a). Suppose -g = -1 - y. What are the prime factors of g?
5
Suppose 5*o + 4*l = 15, -3*o - 5*l + 22 = -0*o. Let y = 0 - o. What are the prime factors of (-6)/(3/(-2) + y)?
2, 3
Let f(v) = -11*v + 2. Suppose 2 = -k + 1. Let h(g) = -g + 1. Let l(n) = k*f(n) + 3*h(n). What are the prime factors of l(1)?
3
Suppose 5*j = 3*i + 3*j - 120, -201 = -5*i + 3*j. List the prime factors of i.
2, 3, 7
Let m be 18*(33/(-9) - -3). Let a = 7 - m. Suppose 0 = r + 3, 2*z = -5*r + a. List the prime factors of z.
17
List the prime factors of 36 + (-3 - -1) - 2.
2
Let t(k) = k**2 - 4*k - 1. What are the prime factors of t(8)?
31
Suppose -2*h = -246 + 32. What are the prime factors of h?
107
Let s = -26 + 43. List the prime factors of s.
17
List the prime factors of (-348)/(-9)*(-36)/(-8).
2, 3, 29
Let f = 10 + -10. Suppose -2*s + 7*s + 10 = f. List the prime factors of 9 - s*(-3)/(-3).
11
List the prime factors of ((-74)/(-4) + -3)*2.
31
What are the prime factors of ((-4)/12 - (-1)/(-15))*-65?
2, 13
Suppose 0 = 2*o + o - 27. Let s = o - -10. What are the prime factors of s?
19
Suppose -i + x = -2 - 0, 3*x = -5*i + 10. Suppose 0 = -5*o + 15, 5*o = -i*c - 0*c + 83. What are the prime factors of c?
2, 17
Let j = -14 - -18. Suppose -4*h - 5*c = 1, 3*c - 14 = -j*h + c. What are the prime factors of h?
2, 3
Let r = 112 - 76. List the prime factors of r.
2, 3
Let w(h) = h**3 - h**2 + h - 1. Let u(d) = d**3 - 3*d**2 - 3*d - 2. Let b be u(4). Let f be w(b). Suppose 0 = m + 1 - f. What are the prime factors of m?
2
List the prime factors of 1/8*4*28.
2, 7
Let f(w) = -w**3 - 19*w**2 - 19*w + 18. Let v be f(-18). Let g be (-2)/9 + (-25)/9. List the prime factors of (1/g)/((-2)/v).
2, 3
Suppose 0*v = v - 3. What are the prime factors of 6/v*2 - -2?
2, 3
Suppose 9*k - 4*k - 705 = 0. List the prime factors of (-2)/3 - k/(-9).
3, 5
Let v(b) be the third derivative of -b**6/120 + b**5/10 + b**4/24 + b**3/2 + 2*b**2. List the prime factors of v(6).
3
Let g(k) = k**2 - 11*k - 18. What are the prime factors of g(16)?
2, 31
Let f(d) = -d**3 - 4*d**2 + 7*d - 10. List the prime factors of f(-6).
2, 5
Let d(h) = h + 6. Let r be d(-4). Suppose 0*k - 2*p = -5*k + 128, -r*p - 80 = -3*k. What are the prime factors of k?
2, 3
Suppose 0 = 6*y - 10*y + 80. What are the prime factors of y?
2, 5
Let p = 15 - 11. Suppose h = -4*z + 14, p*h - 5 - 3 = -4*z. Suppose 3*c = -0*k - 3*k + 42, 0 = -3*k - z*c + 44. What are the prime factors of k?
2, 3
Suppose 0 = 3*t - t - 42. Suppose 4*f - 16 - 8 = 0. Suppose -3*u + f = -t. List the prime factors of u.
3
Let v = -16 - -20. Let x(q) = 9*q + 3. List the prime factors of x(v).
3, 13
Let q = 316 + -143. List the prime factors of q.
173
Let f be 10/(-4)*4/(-5). Let c = f - -1. Let n(j) = 4*j - 2. List the prime factors of n(c).
2, 5
Let c = -24 + 364. List the prime factors of c.
2, 5, 17
Let u = -1 + -23. Let s = u - -56. List the prime factors of s.
2
Let s(k) = -4*k - 1. Let l be s(2). What are the prime factors of ((-102)/l)/(2/3)?
17
Let t(x) = -x**3 - 2*x**2 - 2*x - 1. Let i be t(-4). Suppose 0 = b - 4*b + i. Let d = 25 - b. What are the prime factors of d?
2, 3
Let s = -1 - -5. Suppose 0 = v - s*v + 30. What are the prime factors of v?
2, 5
What are the prime factors of (-4)/14 - 4012/(-28)?
11, 13
Let p = -7 + 10. Suppose 2*w - 144 = -2*w + n, -p*n = -3*w + 117. List the prime factors of w.
5, 7
Let s = 67 + -37. Let v = 52 - s. Suppose 2*b = v + 6. List the prime factors of b.
2, 7
Suppose 4*h + 1 = 5*h. Let u be (2 - 2 - h)*1. Let i = u + 4. List the prime factors of i.
3
Suppose 8*y + 84 = 4*y. Let z = y + 33. Let v = 17 - z. What are the prime factors of v?
5
Let o(w) = -w**3 + 5*w**2 + 4*w - 7. List the prime factors of o(5).
13
Let f(u) = 2*u**2 + 3*u + 3. Let x be f(-2). Let n be (-14)/35 - (-12)/x. Suppose -n*b = 2*o - 40, -4*b = -5*o + 70 + 12. List the prime factors of o.
2, 3
Let z(r) = 0*r - 3 - 3*r + 3*r - 3*r. Let w be z(-2). What are the prime factors of (6/(-4))/(w/(-32))?
2
Suppose 4 + 4 = 2*y. Suppose -y*q + 17 = 3*h, -3*h + 2*q + 13 = 4*q. Suppose 5*s - 14 = h*s. What are the prime factors of s?
7
Let c(z) = 4*z**2 + 2 + 0*z**2 - 3*z**2 + 5*z. What are the prime factors of c(-6)?
2
Let m = -70 + 49. Let t be (-22)/(-5) - m/35. Suppose -2*z - 6 - 5 = 5*v, -z + v + t = 0. List the prime factors of z.
2
Let f(z) = z**2 - 7*z + 9. Suppose 2*k + 5 = -5. Let l be 0 + 0 + 2 - k. What are the prime factors of f(l)?
3
Let i = -3 + 5. Suppose 2*g - 3*n - 19 = 0, i*g - 1 = 3*g + 2*n. What are the prime factors of g?
5
Let o = 68 - -210. What are the prime factors of o?
2, 139
Suppose 0*y - 21 = -3*y. Suppose -2*o + 2*g + 14 = 0, 0*o - g + y = o. What are the prime factors of o?
7
Let u(o) = -o**2 + 24*o + 14. What are the prime factors of u(10)?
2, 7, 11
Suppose -79 + 27 = -2*h. What are the prime factors of h?
2, 13
Let i = -18 - -57. List the prime factors of i.
3, 13
Suppose 0 = 5*k + 3 - 48. Let n = k - 1. List the prime factors of n.
2
Suppose 12 = 4*r - r. Suppose 0 = 6*k - 3*k - 15. Suppose l + 12 - 39 = k*a, 20 = -r*a. What are the prime factors of l?
2
Let n(v) = 6*v + 6. Let d be n(5). Suppose -3*i + d = i. List the prime factors of (14/6)/(3/i).
7
Suppose -5*z + 264 = -51. What are the prime factors of z?
3, 7
Let f be (2/3)/(7/63). What are the prime factors of f/15 - 43/(-5)?
3
Let q(n) = 2*n + 7. Let g be q(-8). Let u be 1/(g/(-42))*21. Suppose 5*a + 18 = t + u, 32 = 2*a + t. What are the prime factors of a?
2
Let j = -4